98
What is the highest common factor of 87 and 4204217?
29
What is the highest common divisor of 1018742 and 10846?
34
What is the highest common divisor of 9465520 and 3938?
358
Calculate the greatest common divisor of 17 and 5386203976.
17
Calculate the greatest common divisor of 3124041 and 35394.
1041
What is the greatest common divisor of 124389381 and 6?
3
What is the highest common factor of 50013962 and 284?
142
What is the highest common divisor of 1295 and 160376685?
1295
What is the greatest common divisor of 49824 and 73008?
144
What is the greatest common factor of 5456 and 6806360?
2728
What is the highest common divisor of 170085 and 4899?
69
What is the highest common factor of 46848 and 2195634?
366
Calculate the highest common factor of 260 and 9537320.
260
Calculate the greatest common divisor of 13878 and 7189318.
514
Calculate the greatest common factor of 3676 and 24328.
4
Calculate the highest common divisor of 11044 and 67268.
1004
What is the greatest common factor of 41526 and 117801?
27
What is the greatest common divisor of 66 and 30389274?
6
What is the greatest common factor of 33 and 144755941?
11
What is the greatest common factor of 33925875 and 250?
125
What is the highest common factor of 886809 and 653037?
2541
What is the greatest common factor of 60740424 and 92?
92
What is the highest common factor of 37130142 and 322?
322
What is the highest common divisor of 499253139 and 363?
363
What is the highest common factor of 46166781 and 1023?
93
Calculate the highest common divisor of 8824386 and 219.
219
Calculate the highest common divisor of 15872 and 6356984.
248
Calculate the highest common factor of 41588714 and 718.
718
What is the greatest common factor of 153 and 179693451?
153
Calculate the highest common divisor of 54 and 31688523.
27
Calculate the highest common divisor of 21 and 64415393.
7
Calculate the highest common factor of 351881 and 2077.
31
What is the highest common factor of 2193 and 12633006?
51
What is the greatest common divisor of 38388 and 111392379?
9597
What is the greatest common factor of 108889 and 1331?
11
Calculate the greatest common factor of 106615875 and 60.
15
Calculate the greatest common factor of 35 and 824449570.
35
Calculate the highest common divisor of 39114508 and 1910.
382
What is the greatest common divisor of 230 and 18736375?
115
Calculate the greatest common divisor of 27707535 and 3060.
765
Calculate the greatest common factor of 425 and 8367400.
425
Calculate the greatest common divisor of 67441605 and 1155.
1155
Calculate the greatest common factor of 34978484 and 4.
4
Calculate the highest common divisor of 111 and 31461359.
37
Calculate the highest common divisor of 120195575 and 8590.
4295
What is the greatest common factor of 293537 and 99641?
2693
Calculate the highest common factor of 5022 and 30752.
62
What is the greatest common factor of 635949 and 1179?
9
Calculate the greatest common divisor of 612 and 7857366.
102
Calculate the greatest common factor of 1736 and 302188.
124
Calculate the greatest common divisor of 4923663 and 1016.
127
Calculate the highest common factor of 63 and 28502334.
63
What is the highest common divisor of 425 and 62949079?
17
Calculate the greatest common divisor of 681 and 94505321.
227
What is the greatest common factor of 5974674 and 158028?
6078
What is the highest common divisor of 180 and 27842090?
10
What is the highest common factor of 260 and 487420?
20
What is the highest common factor of 40 and 30760096?
8
Calculate the greatest common divisor of 278984 and 9718.
86
Calculate the greatest common divisor of 2997 and 195989.
37
Calculate the highest common factor of 300 and 33516780.
60
Calculate the highest common factor of 4533343 and 171.
19
Calculate the highest common divisor of 450 and 29227950.
450
Calculate the highest common factor of 13785 and 199905.
15
What is the highest common factor of 181155509 and 433?
433
Calculate the highest common factor of 418 and 435816623.
209
What is the greatest common divisor of 1680012 and 20683626?
12174
Calculate the greatest common factor of 19437 and 2135001.
1023
Calculate the highest common divisor of 98188480 and 2880.
320
Calculate the greatest common divisor of 287 and 429819236.
287
What is the greatest common factor of 184 and 81424600?
184
What is the greatest common factor of 5958779 and 67?
67
Calculate the greatest common divisor of 387 and 19017.
9
Calculate the greatest common factor of 28760 and 823360.
40
Calculate the greatest common divisor of 6706 and 700238.
14
What is the greatest common divisor of 20725193 and 680?
17
Calculate the highest common factor of 26433144 and 72.
72
Calculate the greatest common divisor of 263378075 and 25.
25
What is the greatest common divisor of 190365 and 280770?
735
What is the greatest common divisor of 154 and 145106038?
154
Calculate the greatest common factor of 180 and 61956.
36
What is the greatest common factor of 163 and 44267?
1
What is the highest common divisor of 226002 and 104979?
21
Calculate the greatest common factor of 251549795 and 2810.
1405
Calculate the highest common factor of 2494 and 244537947.
1247
What is the highest common divisor of 1102 and 1572902?
58
Calculate the highest common divisor of 11310 and 396240.
390
Calculate the highest common divisor of 10579523 and 152.
19
What is the greatest common divisor of 105577684 and 136?
68
What is the highest common factor of 9036 and 13518609?
753
Calculate the greatest common divisor of 5600 and 1928600.
200
What is the greatest common factor of 22307678 and 130880?
818
Calculate the greatest common divisor of 57362 and 164174.
1978
What is the highest common divisor of 147024 and 13680?
144
Calculate the greatest common factor of 7704892 and 52.
52
Calculate the highest common factor of 15340 and 1983580.
1180
Calculate the highest common factor of 5887107 and 2997.
999
What is the highest common divisor of 43797600 and 1600?
800
What is the highest common factor of 264830355 and 3195?
3195
What is the highest common factor of 67862896 and 2528?
1264
What is the highest common factor of 11570660 and 60?
20
Calculate the greatest common factor of 154950 and 945.
15
What is the highest common divisor of 168661 and 3432694?
227
What is the highest common factor of 4077297 and 1550859?
2397
What is the highest common factor of 343 and 231516621?
49
What is the greatest common divisor of 175625 and 125045?
1405
What is the greatest common factor of 830 and 2112470?
10
What is the greatest common factor of 319 and 7586023?
29
What is the highest common divisor of 136990 and 82013750?
7210
What is the highest common factor of 5240 and 1326244?
524
What is the highest common factor of 145959380 and 420?
140
What is the highest common divisor of 2144 and 1867904?
32
Calculate the greatest common factor of 822624 and 623238.
1254
Calculate the greatest common factor of 6025 and 228112525.
6025
What is the greatest common divisor of 861384 and 456?
456
What is the highest common factor of 245 and 115526467?
49
What is the greatest common factor of 71981 and 4015568?
113
Calculate the highest common divisor of 29299 and 33449.
83
Calculate the highest common divisor of 180378 and 74702.
1822
Calculate the highest common divisor of 896 and 428442.
14
Calculate the highest common factor of 13895720 and 42920.
1480
Calculate the highest common divisor of 10008492 and 312.
156
Calculate the greatest common divisor of 2074 and 8329367.
61
What is the greatest common divisor of 20 and 2999380?
20
What is the greatest common divisor of 1313 and 309060?
101
Calculate the greatest common divisor of 48064031 and 6157.
131
Calculate the greatest common divisor of 5670 and 24852996.
126
What is the highest common divisor of 914331 and 1320?
33
Calculate the greatest common divisor of 30282 and 531846.
294
Calculate the greatest common factor of 5364378 and 153.
9
What is the greatest common divisor of 62772463 and 169?
13
Calculate the greatest common divisor of 7150 and 894231.
13
What is the highest common factor of 716717497 and 1583?
1583
What is the greatest common factor of 942256 and 1309385?
1253
What is the highest common divisor of 3840 and 10